t) = 71*t**2 - 720*t - 3552. Give o(-5).
1823
Let f(u) = 2*u**2 - 120*u - 1549. Give f(70).
-149
Let l(i) = -28209*i**2 + 56424*i - 13. What is l(2)?
-1
Let w(k) = 4931*k + 11624. Determine w(-2).
1762
Let t(j) = 774*j - 10857. Give t(14).
-21
Let m(j) = -310*j - 214904. Determine m(-693).
-74
Let d(q) = -95*q - 1047. What is d(-19)?
758
Let s(d) = 12*d**2 - 4945*d + 170593. What is s(38)?
11
Let x(i) = -4*i**3 + 11*i**2 + 41*i - 290. Determine x(6).
-512
Let z(i) = -77452*i + 77459. Determine z(1).
7
Let v(d) = d**3 + 17*d**2 - 429*d - 1162. Give v(-30).
8
Let h(b) = -b**3 - 79*b**2 - 1541*b - 64. Calculate h(-35).
-29
Let z(y) = 26*y**3 - 4*y**2 - 8771*y + 8774. Calculate z(1).
25
Let m(j) = j**2 - 5333*j - 856436. Give m(-156).
-152
Let q(r) = 8*r**2 - 2461*r + 69827. What is q(276)?
-1
Let i(j) = 4*j**3 + 83*j**2 + 246*j - 330. What is i(-5)?
15
Let a(q) = q**2 + 789*q - 37301. What is a(45)?
229
Let o(p) = 2*p**3 + 69*p**2 + 107*p + 176. Determine o(-33).
-88
Let f(d) = 313*d**2 + 766*d - 768. What is f(1)?
311
Let i(a) = 6*a**2 - 247*a + 62. Give i(40).
-218
Let z(q) = q**2 + 171363*q + 1542185. Determine z(-9).
-1
Let p(l) = -18*l**3 - 465*l**2 - 337*l - 42. Give p(-25).
-992
Let z(d) = 2*d**3 - 240*d**2 + 480*d - 842. Give z(118).
102
Let b(l) = 2*l**3 + 3*l**2 + 114*l + 396. Determine b(-6).
-612
Let d(y) = -176*y**2 - 5292*y - 157. Calculate d(-30).
203
Let g(o) = 3*o**3 - 7*o**2 + 588*o - 4633. What is g(8)?
1159
Let h(p) = 4183*p**2 + 8388*p + 55. Calculate h(-2).
11
Let d(o) = -9*o + 1284. Determine d(144).
-12
Let z(l) = -33709*l + 33664. Calculate z(1).
-45
Let r(b) = -4639*b + 4802. Calculate r(1).
163
Let l(g) = -g**3 - 104*g**2 - 77*g + 1432. Give l(-103).
-1246
Let j(b) = -3*b**2 - 856*b + 53790. Give j(53).
-5
Let h(x) = 3*x**2 - 58*x + 450. Determine h(16).
290
Let f(t) = -2*t**2 + 359*t + 13550. Calculate f(-32).
14
Let s(p) = -2*p**2 - 8380*p - 58674. Give s(-7).
-112
Let z(q) = 563*q**2 + 16068*q + 16065. What is z(-1)?
560
Let r(i) = -1947*i - 241362. Determine r(-124).
66
Let s(a) = -149*a**2 - 3875*a + 24. What is s(-26)?
50
Let c(w) = -w**3 - 29*w**2 - 136*w - 60. Determine c(-23).
-106
Let d(m) = -32*m + 1517. What is d(53)?
-179
Let k(p) = 2*p**3 + 571*p**2 + 596*p + 88631. What is k(-285)?
-4
Let k(y) = 76*y**2 - 280*y - 814. What is k(-2)?
50
Let i(f) = 141*f**2 + 422*f + 4. Give i(-1).
-277
Let x(a) = a**2 + 346*a + 29964. Give x(-164).
116
Let n(p) = -p**3 + 69*p**2 - 6*p + 268. Give n(69).
-146
Let k(v) = -10*v**3 + v**2 - 1070*v - 3194. Determine k(-3).
295
Let m(l) = -24*l**2 - 12168*l + 16. Give m(-507).
16
Let i(v) = -v**3 + 16995*v + 43. Calculate i(0).
43
Let h(b) = 12*b**2 + 824*b - 1987. What is h(-71)?
1
Let g(z) = 37*z**3 - 324*z**2 + 601*z - 277. Give g(1).
37
Let g(n) = 124*n + 581. Calculate g(-4).
85
Let q(s) = -s**3 + 103*s**2 + 119*s - 1536. Determine q(104).
24
Let p(j) = -2*j**3 + j**2 - 139*j + 1277. Give p(7).
-333
Let j(l) = -l**3 + 4*l**2 + 19*l + 43. What is j(0)?
43
Let k(u) = -151*u**2 - 11013*u + 523. Calculate k(-73).
-207
Let t(u) = -27*u + 26. Determine t(-55).
1511
Let o(p) = -3*p**3 + 106*p**2 - 133*p + 9. What is o(34)?
111
Let g(y) = 2*y**3 + 110*y**2 + 249*y + 13664. Give g(-55).
-31
Let h(a) = -a**2 - 8434*a + 33772. Calculate h(4).
20
Let q(c) = 19*c + 1066. Give q(-62).
-112
Let x(u) = -2*u**3 + 4*u**2 + 494*u + 2395. What is x(-6)?
7
Let l(a) = a**2 - 2250*a - 22560. Calculate l(-10).
40
Let c(j) = -5*j**3 + 5*j**2 - 480*j + 4731. Calculate c(8).
-1349
Let h(n) = -3*n**3 + 100*n**2 - 1413*n + 14639. What is h(22)?
9
Let a(d) = d**3 + 127*d**2 - 509*d + 2032. Give a(-131).
67
Let n(c) = 1091*c + 16686. Give n(-15).
321
Let p(l) = 2734*l + 1697809. Determine p(-621).
-5
Let o(h) = 1608*h + 35355. Determine o(-20).
3195
Let h(t) = -327*t**3 + 7519*t**2 + 43*t - 56. Calculate h(23).
-125
Let t(c) = 100937*c - 1615079. Calculate t(16).
-87
Let t(m) = -31*m**2 + 4697*m + 2280. Determine t(152).
0
Let k(m) = -2*m**3 - 55*m**2 + 8*m - 209. What is k(-28)?
351
Let f(t) = -17*t**2 - 3865*t + 18308. Give f(-232).
-20
Let a(g) = -41488*g - 3153092. Determine a(-76).
-4
Let z(y) = y**2 - 3147*y - 208711. Calculate z(-65).
69
Let v(m) = -m**3 - 12*m**2 + 213*m + 201. Determine v(11).
-239
Let z(g) = 7*g**2 - 671*g + 343. Calculate z(96).
439
Let r(m) = 2173*m - 323948. Calculate r(149).
-171
Let m(s) = 2*s**2 - 660*s + 11657. Calculate m(311).
-161
Let g(t) = -t**2 - 54*t + 656. What is g(-28)?
1384
Let z(u) = 788*u**2 + 27997*u + 14594. Calculate z(-35).
-1
Let b(i) = -203*i + 31545. Determine b(155).
80
Let a(j) = -2*j**3 - 46*j**2 + 4946*j + 133347. Give a(-29).
5
Let p(g) = 141*g**3 + 590*g**2 - 7*g - 5. Determine p(-4).
439
Let x(o) = 9*o**2 - 1181*o - 12375. What is x(141)?
33
Let z(d) = 160*d**2 + 609*d + 608. Calculate z(-1).
159
Let v(s) = 7010*s + 41651. What is v(-6)?
-409
Let d(i) = 4*i**2 - 114150*i + 228296. Determine d(2).
12
Let q(o) = -o**3 - 290*o**2 + 6871*o + 2184. Calculate q(-312).
0
Let o(c) = -3*c**2 + 52*c - 762. What is o(10)?
-542
Let d(a) = 6*a**2 + 8331*a - 1268925. Give d(-1527).
12
Let k(p) = -23*p**2 + 616*p + 3499. Determine k(-5).
-156
Let k(s) = 3414*s - 19849. Calculate k(6).
635
Let n(q) = -38*q**3 + 180*q**2 + 357*q + 8. Calculate n(-2).
318
Let y(w) = -61*w**2 - 68*w - 1. Determine y(3).
-754
Let d(a) = 976*a**2 - 50*a. Give d(1).
926
Let j(f) = -7*f**2 - 159*f + 408. Give j(-25).
8
Let y(j) = 219*j - 75614. What is y(343)?
-497
Let a(x) = x**3 - 15*x**2 - 94*x + 390. What is a(27)?
6600
Let p(x) = 2*x**3 - 6*x**2 - 311*x + 1301. Determine p(4).
89
Let n(h) = -37*h**2 - 4538*h - 4534. Give n(-1).
-33
Let a(o) = 35*o**3 + 21*o**2 - 232*o + 580. What is a(3)?
1018
Let r(z) = 2*z**3 + 735*z**2 + 31753*z + 96. Give r(-50).
-54
Let i(x) = -1388524*x + 24993434. Give i(18).
2
Let d(n) = 6252*n + 50130. What is d(-8)?
114
Let i(h) = -116*h + 2509. What is i(21)?
73
Let n(v) = -v**3 + v**2 + 2083*v + 17940. What is n(-9)?
3
Let k(h) = h**2 + 3*h - 217. Determine k(31).
837
Let u(h) = -4887*h**2 + 151469*h + 869. Determine u(31).
1
Let c(l) = -3*l**2 + 353*l - 1056. Determine c(3).
-24
Let n(k) = 4*k**2 - 4032*k - 774177. What is n(-165)?
3
Let v(k) = 19*k**2 + 256*k + 959. Give v(-9).
194
Let h(i) = i**3 + 19*i**2 + 241*i + 2784. Determine h(-13).
665
Let w(y) = y**3 + 22*y**2 - 1933*y + 14733. What is w(-59)?
-17
Let p(b) = -26256*b - 892762. Calculate p(-34).
-58
Let z(k) = 4*k**3 + 9*k**2 + 68*k + 228. What is z(-3)?
-3
Let z(t) = 2*t**2 - 138*t - 739. What is z(75)?
161
Let w(y) = -2*y**2 + 23016*y + 46035. Give w(-2).
-5
Let u(g) = 22*g**3 - 7*g**2 - 312*g + 1268. Determine u(4).
1316
Let d(y) = 191*y + 2763. Calculate d(-15).
-102
Let x(o) = 5*o**3 - 18*o**2 + 32*o + 58. Determine x(5).
393
Let r(o) = o**2 + 2363*o + 16541. Give r(-7).
49
Let i(d) = 307*d - 4756. What is i(15)?
-151
Let o(m) = 31*m**2 + 6041*m + 23665. What is o(-4)?
-3
Let s(h) = -110*h + 3370. Give s(27).
400
Let x(c) = -10165*c - 91434. Give x(-9).
51
Let v(f) = 6537*f + 52282. What is v(-8)?
-14
Let c(x) = 4*x**3 - 299*x**2 + 1833*x + 93. What is c(68)?
-111
Let b(u) = -1512048*u + 7560240. Determine b(5).
0
Let g(y) = -y**3 - 335*y**2 - 962*y + 10916. Give g(-332).
-372
Let p(k) = 1525*k**2 + 1166*k - 362. What is p(-1)?
-3
Let x(l) = 236*l**3 - 20758*l**2 - 882*l + 181. Give x(88).
5
Let j(b) = 4267*b - 256053. Determine j(60).
-33
Let l(i) = -16*i**2 - 151*i - 953. Calculate l(-6).
-623
Let z(r) = 24*r**2 + 465*r - 3697. Determine z(6).
-43
Let h(j) = j**3 + 63*j**2 + 652*j + 1112. Determine h(-10).
-108
Let w(f) = 24*f**2 - 161*f + 687. Calculate w(5).
482
Let m(i) = i**3 + 55*i**2 - 241*i + 98. Determine m(-59).
393
Let t(n) = n**2 - 1284*n + 82697. Calculate t(68).
9
Let w(p) = -5*p**2 + 256*p - 1756. Give w(8).
-28
Let w(n) = 7*n**3 + 36*n**2 - 216*n + 17. Calculate w(0).
17
Let p(a) = 6*a**3 - 17*a**2 + 568*a - 5878. What is p(11)?
6299
Let o(j) = 10*j**3 - 385*j**2 - 1050*j + 1031. Calculate o(41).
6
Let c(k) = -196*k**2 + 11*k + 51. Calculate c(-1).
-156
Let w(v) = -v**3 - 96*v**2 - 4151*v - 385334. Give w(-95).
-14
Let x(t) = 605*t + 4571. What is x(-8)?
-269
Let h(l) = l**3 - 245*l**2 - 708*l + 113691. Calculate h(246).
39
Let a(m) = 24*m**3 - 72*m**2 + 33*m - 8